{"id":4,"date":"2021-10-24T21:48:05","date_gmt":"2021-10-24T19:48:05","guid":{"rendered":"https:\/\/stage-visitvarmland-com.visitvarmland-frojdwebsites.se\/visitvarmland-org\/?page_id=4"},"modified":"2025-09-10T09:28:31","modified_gmt":"2025-09-10T07:28:31","slug":"startsida","status":"publish","type":"page","link":"https:\/\/stage-visitvarmland-com.visitvarmland-frojdwebsites.se\/corporate\/","title":{"rendered":"Visit V\u00e4rmland Corporate | F\u00f6r f\u00f6retag inom bes\u00f6ksn\u00e4ringen"},"content":{"rendered":"\n<p><br> <\/p>\n\n\n\n<div class=\"wp-block-columns is-layout-flex wp-container-core-columns-is-layout-9d6595d7 wp-block-columns-is-layout-flex\">\n<div class=\"wp-block-column is-layout-flow wp-block-column-is-layout-flow\">\n<figure class=\"wp-block-image size-large is-resized\"><img loading=\"lazy\" decoding=\"async\" width=\"1024\" height=\"345\" src=\"https:\/\/stage-visitvarmland-com.visitvarmland-frojdwebsites.se\/corporate\/wp-content\/uploads\/sites\/20\/2025\/05\/VNBD-30-ar-m-text--1024x345.jpg\" alt=\"V\u00e4rmlands Bes\u00f6ksn\u00e4ringsdagar Logga\" class=\"wp-image-6187\" style=\"width:1027px;height:auto\" srcset=\"https:\/\/stage-visitvarmland-com.visitvarmland-frojdwebsites.se\/app\/uploads\/sites\/20\/2025\/05\/VNBD-30-ar-m-text--1024x345.jpg 1024w, https:\/\/stage-visitvarmland-com.visitvarmland-frojdwebsites.se\/app\/uploads\/sites\/20\/2025\/05\/VNBD-30-ar-m-text--300x101.jpg 300w, https:\/\/stage-visitvarmland-com.visitvarmland-frojdwebsites.se\/app\/uploads\/sites\/20\/2025\/05\/VNBD-30-ar-m-text--768x259.jpg 768w, https:\/\/stage-visitvarmland-com.visitvarmland-frojdwebsites.se\/app\/uploads\/sites\/20\/2025\/05\/VNBD-30-ar-m-text--1536x517.jpg 1536w, https:\/\/stage-visitvarmland-com.visitvarmland-frojdwebsites.se\/app\/uploads\/sites\/20\/2025\/05\/VNBD-30-ar-m-text--2048x689.jpg 2048w, https:\/\/stage-visitvarmland-com.visitvarmland-frojdwebsites.se\/app\/uploads\/sites\/20\/2025\/05\/VNBD-30-ar-m-text--150x50.jpg 150w, https:\/\/stage-visitvarmland-com.visitvarmland-frojdwebsites.se\/app\/uploads\/sites\/20\/2025\/05\/VNBD-30-ar-m-text--600x202.jpg 600w\" sizes=\"auto, (max-width: 1024px) 100vw, 1024px\" \/><\/figure>\n<\/div>\n\n\n\n<div class=\"wp-block-column is-layout-flow wp-block-column-is-layout-flow\">\n<h2 class=\"wp-block-heading\">Anm\u00e4l dig till V\u00e4rmlands Bes\u00f6ksn\u00e4ringsdagar<\/h2>\n\n\n\n<h3 class=\"wp-block-heading\">6\u20137 november i Karlstad<\/h3>\n\n\n\n<p>I \u00e5r firar V\u00e4rmlands st\u00f6rsta bes\u00f6ksn\u00e4ringstr\u00e4ff 30 \u00e5r med temat &#8221;Attraktionskraft f\u00f6r hela V\u00e4rmland&#8221;. Anm\u00e4l dig idag till tv\u00e5 dagar fyllda av inspiration, kunskap och h\u00e4rliga m\u00f6ten.<\/p>\n\n\n\n<div class=\"wp-block-buttons is-content-justification-center is-layout-flex wp-container-core-buttons-is-layout-16018d1d wp-block-buttons-is-layout-flex\">\n<div class=\"wp-block-button\"><a class=\"wp-block-button__link has-text-align-center wp-element-button\" href=\"https:\/\/stage-visitvarmland-com.visitvarmland-frojdwebsites.se\/corporate\/varmlands-besoksnaringsdagar\/\">V\u00e4rmlands Bes\u00f6ksn\u00e4ringsdagar<\/a><\/div>\n<\/div>\n<\/div>\n<\/div>\n\n\n\n<hr class=\"wp-block-separator has-alpha-channel-opacity\"\/>\n\n\n<div class=\"wp-block-image\">\n<figure class=\"aligncenter size-large\"><img loading=\"lazy\" decoding=\"async\" width=\"1024\" height=\"576\" src=\"https:\/\/stage-visitvarmland-com.visitvarmland-frojdwebsites.se\/corporate\/wp-content\/uploads\/sites\/20\/2025\/09\/Turismpris-nom-ligg-webb-2026-1024x576.jpg\" alt=\"V\u00e4rmlands turismpris grafik\" class=\"wp-image-6541\" srcset=\"https:\/\/stage-visitvarmland-com.visitvarmland-frojdwebsites.se\/app\/uploads\/sites\/20\/2025\/09\/Turismpris-nom-ligg-webb-2026-1024x576.jpg 1024w, https:\/\/stage-visitvarmland-com.visitvarmland-frojdwebsites.se\/app\/uploads\/sites\/20\/2025\/09\/Turismpris-nom-ligg-webb-2026-300x169.jpg 300w, https:\/\/stage-visitvarmland-com.visitvarmland-frojdwebsites.se\/app\/uploads\/sites\/20\/2025\/09\/Turismpris-nom-ligg-webb-2026-768x432.jpg 768w, https:\/\/stage-visitvarmland-com.visitvarmland-frojdwebsites.se\/app\/uploads\/sites\/20\/2025\/09\/Turismpris-nom-ligg-webb-2026-1536x864.jpg 1536w, https:\/\/stage-visitvarmland-com.visitvarmland-frojdwebsites.se\/app\/uploads\/sites\/20\/2025\/09\/Turismpris-nom-ligg-webb-2026-150x84.jpg 150w, https:\/\/stage-visitvarmland-com.visitvarmland-frojdwebsites.se\/app\/uploads\/sites\/20\/2025\/09\/Turismpris-nom-ligg-webb-2026-600x338.jpg 600w, https:\/\/stage-visitvarmland-com.visitvarmland-frojdwebsites.se\/app\/uploads\/sites\/20\/2025\/09\/Turismpris-nom-ligg-webb-2026-1600x900.jpg 1600w, https:\/\/stage-visitvarmland-com.visitvarmland-frojdwebsites.se\/app\/uploads\/sites\/20\/2025\/09\/Turismpris-nom-ligg-webb-2026.jpg 1920w\" sizes=\"auto, (max-width: 1024px) 100vw, 1024px\" \/><\/figure><\/div>\n\n\n<p><\/p>\n\n\n\n<h2 class=\"wp-block-heading has-text-align-center\">Nominera till V\u00e4rmlands Turismpris<\/h2>\n\n\n\n<p>Nu kan du nominera akt\u00f6rer inom V\u00e4rmlands bes\u00f6ksn\u00e4ring till v\u00e5rt finaste pris \u2013 V\u00e4rmlands Turismpris. Priset g\u00e5r till en akt\u00f6r som p\u00e5 ett nyt\u00e4nkande och innovativt s\u00e4tt bidrar till att st\u00e4rka den v\u00e4rml\u00e4ndska bes\u00f6ksn\u00e4ringen. Nominera senast den 19 september. <\/p>\n\n\n\n<div class=\"wp-block-buttons is-content-justification-center is-layout-flex wp-container-core-buttons-is-layout-16018d1d wp-block-buttons-is-layout-flex\">\n<div class=\"wp-block-button\"><a class=\"wp-block-button__link has-text-align-center wp-element-button\" href=\"https:\/\/stage-visitvarmland-com.visitvarmland-frojdwebsites.se\/corporate\/varmlands-turismpris\/\">V\u00e4rmlands Turismpris<\/a><\/div>\n<\/div>\n\n\n\n<p><\/p>\n\n\n\n<hr class=\"wp-block-separator has-alpha-channel-opacity\"\/>\n\n\n\n<div class=\"wp-block-columns has-normal-font-size is-layout-flex wp-container-core-columns-is-layout-9d6595d7 wp-block-columns-is-layout-flex\">\n<div class=\"wp-block-column is-layout-flow wp-block-column-is-layout-flow\"><div class=\"wp-block-image is-style-default\">\n<figure class=\"aligncenter size-large\"><img loading=\"lazy\" decoding=\"async\" width=\"1024\" height=\"683\" src=\"https:\/\/stage-visitvarmland-com.visitvarmland-frojdwebsites.se\/corporate\/wp-content\/uploads\/sites\/20\/2025\/01\/NORR_Varmland_Oktober2023_MelanieHaas_2079-kopia-1024x683.jpeg\" alt=\"Kvinna som sitter utanf\u00f6r en restaurang\" class=\"wp-image-4996\" style=\"aspect-ratio:1.7777777777777777;object-fit:cover\" srcset=\"https:\/\/stage-visitvarmland-com.visitvarmland-frojdwebsites.se\/app\/uploads\/sites\/20\/2025\/01\/NORR_Varmland_Oktober2023_MelanieHaas_2079-kopia-1024x683.jpeg 1024w, https:\/\/stage-visitvarmland-com.visitvarmland-frojdwebsites.se\/app\/uploads\/sites\/20\/2025\/01\/NORR_Varmland_Oktober2023_MelanieHaas_2079-kopia-300x200.jpeg 300w, https:\/\/stage-visitvarmland-com.visitvarmland-frojdwebsites.se\/app\/uploads\/sites\/20\/2025\/01\/NORR_Varmland_Oktober2023_MelanieHaas_2079-kopia-768x513.jpeg 768w, https:\/\/stage-visitvarmland-com.visitvarmland-frojdwebsites.se\/app\/uploads\/sites\/20\/2025\/01\/NORR_Varmland_Oktober2023_MelanieHaas_2079-kopia-1536x1025.jpeg 1536w, https:\/\/stage-visitvarmland-com.visitvarmland-frojdwebsites.se\/app\/uploads\/sites\/20\/2025\/01\/NORR_Varmland_Oktober2023_MelanieHaas_2079-kopia-150x100.jpeg 150w, https:\/\/stage-visitvarmland-com.visitvarmland-frojdwebsites.se\/app\/uploads\/sites\/20\/2025\/01\/NORR_Varmland_Oktober2023_MelanieHaas_2079-kopia-600x400.jpeg 600w, https:\/\/stage-visitvarmland-com.visitvarmland-frojdwebsites.se\/app\/uploads\/sites\/20\/2025\/01\/NORR_Varmland_Oktober2023_MelanieHaas_2079-kopia-1200x800.jpeg 1200w, https:\/\/stage-visitvarmland-com.visitvarmland-frojdwebsites.se\/app\/uploads\/sites\/20\/2025\/01\/NORR_Varmland_Oktober2023_MelanieHaas_2079-kopia.jpeg 1765w\" sizes=\"auto, (max-width: 1024px) 100vw, 1024px\" \/><\/figure><\/div>\n\n\n<p><\/p>\n\n\n\n<h3 class=\"wp-block-heading\">Utveckla din verksamhet med Aff\u00e4rsutvecklingsstegen<\/h3>\n\n\n\n<p>Aff\u00e4rsutvecklingsstegen \u00e4r en steg f\u00f6r steg-guide som ger dig konkreta verktyg f\u00f6r att ta ditt f\u00f6retag till nya h\u00f6jder.<br>\ud83d\udc49 <a href=\"https:\/\/stage-visitvarmland-com.visitvarmland-frojdwebsites.se\/corporate\/vart-erbjudande\/affarsutvecklingsstegen\/\" data-type=\"link\" data-id=\"https:\/\/stage-visitvarmland-com.visitvarmland-frojdwebsites.se\/corporate\/vart-erbjudande\/affarsutvecklingsstegen\/\"><strong>Till Aff\u00e4rsutvecklingsstegen<\/strong><\/a><\/p>\n\n\n\n<p><br><\/p>\n<\/div>\n\n\n\n<div class=\"wp-block-column is-layout-flow wp-block-column-is-layout-flow\"><div class=\"wp-block-image is-style-default\">\n<figure class=\"aligncenter size-large\"><img loading=\"lazy\" decoding=\"async\" width=\"1024\" height=\"576\" src=\"https:\/\/stage-visitvarmland-com.visitvarmland-frojdwebsites.se\/corporate\/wp-content\/uploads\/sites\/20\/2025\/09\/Hostboost-2025-vag-1024x576.jpg\" alt=\"H\u00f6stboost bild\" class=\"wp-image-6586\" style=\"aspect-ratio:1.7777777777777777;object-fit:cover\" srcset=\"https:\/\/stage-visitvarmland-com.visitvarmland-frojdwebsites.se\/app\/uploads\/sites\/20\/2025\/09\/Hostboost-2025-vag-1024x576.jpg 1024w, https:\/\/stage-visitvarmland-com.visitvarmland-frojdwebsites.se\/app\/uploads\/sites\/20\/2025\/09\/Hostboost-2025-vag-300x169.jpg 300w, https:\/\/stage-visitvarmland-com.visitvarmland-frojdwebsites.se\/app\/uploads\/sites\/20\/2025\/09\/Hostboost-2025-vag-768x432.jpg 768w, https:\/\/stage-visitvarmland-com.visitvarmland-frojdwebsites.se\/app\/uploads\/sites\/20\/2025\/09\/Hostboost-2025-vag-1536x864.jpg 1536w, https:\/\/stage-visitvarmland-com.visitvarmland-frojdwebsites.se\/app\/uploads\/sites\/20\/2025\/09\/Hostboost-2025-vag-150x84.jpg 150w, https:\/\/stage-visitvarmland-com.visitvarmland-frojdwebsites.se\/app\/uploads\/sites\/20\/2025\/09\/Hostboost-2025-vag-600x338.jpg 600w, https:\/\/stage-visitvarmland-com.visitvarmland-frojdwebsites.se\/app\/uploads\/sites\/20\/2025\/09\/Hostboost-2025-vag.jpg 1600w\" sizes=\"auto, (max-width: 1024px) 100vw, 1024px\" \/><\/figure><\/div>\n\n\n<p><\/p>\n\n\n\n<h3 class=\"wp-block-heading\">Verktyg fr\u00e5n v\u00e5ra boostar<\/h3>\n\n\n\n<p>Deltog du p\u00e5 n\u00e5got av v\u00e5ra Boost-webbinarier? H\u00e4r hittar du presentationer och anv\u00e4ndbara guider. <br>\ud83d\udc49 <a href=\"https:\/\/stage-visitvarmland-com.visitvarmland-frojdwebsites.se\/corporate\/vart-erbjudande\/boostar\/\" data-type=\"link\" data-id=\"https:\/\/stage-visitvarmland-com.visitvarmland-frojdwebsites.se\/corporate\/vart-erbjudande\/prenumerera-pa-vart-nyhetsbrev\/\"><strong>H\u00f6stboostar<\/strong><\/a><\/p>\n\n\n\n<p><br><\/p>\n<\/div>\n\n\n\n<div class=\"wp-block-column is-layout-flow wp-block-column-is-layout-flow\"><div class=\"wp-block-image is-style-default\">\n<figure class=\"aligncenter size-large\"><img loading=\"lazy\" decoding=\"async\" width=\"1024\" height=\"683\" src=\"https:\/\/stage-visitvarmland-com.visitvarmland-frojdwebsites.se\/corporate\/wp-content\/uploads\/sites\/20\/2025\/01\/Sliperiet-Servering-01-kopia-1024x683.jpg\" alt=\"Kvinna som h\u00e5ller i tv\u00e5 tallrikar\" class=\"wp-image-5003\" style=\"aspect-ratio:1.7777777777777777;object-fit:cover\" srcset=\"https:\/\/stage-visitvarmland-com.visitvarmland-frojdwebsites.se\/app\/uploads\/sites\/20\/2025\/01\/Sliperiet-Servering-01-kopia-1024x683.jpg 1024w, https:\/\/stage-visitvarmland-com.visitvarmland-frojdwebsites.se\/app\/uploads\/sites\/20\/2025\/01\/Sliperiet-Servering-01-kopia-300x200.jpg 300w, https:\/\/stage-visitvarmland-com.visitvarmland-frojdwebsites.se\/app\/uploads\/sites\/20\/2025\/01\/Sliperiet-Servering-01-kopia-768x512.jpg 768w, https:\/\/stage-visitvarmland-com.visitvarmland-frojdwebsites.se\/app\/uploads\/sites\/20\/2025\/01\/Sliperiet-Servering-01-kopia-1536x1025.jpg 1536w, https:\/\/stage-visitvarmland-com.visitvarmland-frojdwebsites.se\/app\/uploads\/sites\/20\/2025\/01\/Sliperiet-Servering-01-kopia-2048x1366.jpg 2048w, https:\/\/stage-visitvarmland-com.visitvarmland-frojdwebsites.se\/app\/uploads\/sites\/20\/2025\/01\/Sliperiet-Servering-01-kopia-150x100.jpg 150w, https:\/\/stage-visitvarmland-com.visitvarmland-frojdwebsites.se\/app\/uploads\/sites\/20\/2025\/01\/Sliperiet-Servering-01-kopia-600x400.jpg 600w, https:\/\/stage-visitvarmland-com.visitvarmland-frojdwebsites.se\/app\/uploads\/sites\/20\/2025\/01\/Sliperiet-Servering-01-kopia-1200x800.jpg 1200w\" sizes=\"auto, (max-width: 1024px) 100vw, 1024px\" \/><\/figure><\/div>\n\n\n<p><\/p>\n\n\n\n<h3 class=\"wp-block-heading\">Bli proffs p\u00e5 att m\u00f6ta g\u00e4sterna med V\u00e4rdskapsguiden<\/h3>\n\n\n\n<p>I V\u00e4rdskapsguiden har vi samlat konkreta verktyg som hj\u00e4lper dig att h\u00f6ja serviceniv\u00e5n och skapa ett b\u00e4ttre bem\u00f6tande f\u00f6r dina g\u00e4ster.<br>\ud83d\udc49 <a href=\"https:\/\/stage-visitvarmland-com.visitvarmland-frojdwebsites.se\/corporate\/kunskapsbank\/vardskapsguiden-verktyg-for-ett-battre-bemotande\/\" data-type=\"link\" data-id=\"https:\/\/stage-visitvarmland-com.visitvarmland-frojdwebsites.se\/corporate\/vart-erbjudande\/prenumerera-pa-vart-nyhetsbrev\/\"><strong>Till V\u00e4rdskapsguiden<\/strong><\/a><\/p>\n\n\n\n<p><br><\/p>\n<\/div>\n<\/div>\n\n\n\n<hr class=\"wp-block-separator has-alpha-channel-opacity\"\/>\n\n\n\n<p><\/p>\n\n\n\n<h2 class=\"wp-block-heading has-text-align-center\">\ud83d\udc8c<\/h2>\n\n\n\n<h3 class=\"wp-block-heading has-text-align-center\">Prenumerera p\u00e5 v\u00e5rt nyhetsbrev f\u00f6r n\u00e4ringslivet<\/h3>\n\n\n\n<p class=\"has-text-align-center\">F\u00e5 koll p\u00e5 vad som h\u00e4nder inom den v\u00e4rml\u00e4ndska bes\u00f6ksn\u00e4ringen, v\u00e5rt arbete och f\u00e5 smarta tips f\u00f6r dig som \u00e4r f\u00f6retagare. <\/p>\n\n\n\n<div class=\"wp-block-buttons is-content-justification-center is-layout-flex wp-container-core-buttons-is-layout-16018d1d wp-block-buttons-is-layout-flex\">\n<div class=\"wp-block-button\"><a class=\"wp-block-button__link has-text-align-center wp-element-button\" href=\"https:\/\/stage-visitvarmland-com.visitvarmland-frojdwebsites.se\/corporate\/vart-erbjudande\/prenumerera-pa-vart-nyhetsbrev\/\">Anm\u00e4l dig h\u00e4r!<\/a><\/div>\n<\/div>\n\n\n\n<p class=\"has-text-align-center\"><\/p>\n\n\n\n<p><br><\/p>\n\n\n\n<hr class=\"wp-block-separator has-alpha-channel-opacity\"\/>\n","protected":false},"excerpt":{"rendered":"<p>Anm\u00e4l dig till V\u00e4rmlands Bes\u00f6ksn\u00e4ringsdagar 6\u20137 november i Karlstad I \u00e5r firar V\u00e4rmlands st\u00f6rsta bes\u00f6ksn\u00e4ringstr\u00e4ff 30 \u00e5r med temat &#8221;Attraktionskraft f\u00f6r hela V\u00e4rmland&#8221;. Anm\u00e4l dig idag till tv\u00e5 dagar fyllda av inspiration, kunskap och h\u00e4rliga m\u00f6ten. Nominera till V\u00e4rmlands Turismpris Nu kan du nominera akt\u00f6rer inom V\u00e4rmlands bes\u00f6ksn\u00e4ring till v\u00e5rt finaste pris \u2013 V\u00e4rmlands Turismpris. [&hellip;]<\/p>\n","protected":false},"author":1,"featured_media":5,"parent":0,"menu_order":0,"comment_status":"closed","ping_status":"closed","template":"page-templates\/visitvarmland-org.php","meta":{"_acf_changed":false,"footnotes":""},"class_list":["post-4","page","type-page","status-publish","has-post-thumbnail","hentry"],"acf":[],"lang":"sv","translations":{"sv":4},"pll_sync_post":[],"_links":{"self":[{"href":"https:\/\/stage-visitvarmland-com.visitvarmland-frojdwebsites.se\/corporate\/wp-json\/wp\/v2\/pages\/4","targetHints":{"allow":["GET"]}}],"collection":[{"href":"https:\/\/stage-visitvarmland-com.visitvarmland-frojdwebsites.se\/corporate\/wp-json\/wp\/v2\/pages"}],"about":[{"href":"https:\/\/stage-visitvarmland-com.visitvarmland-frojdwebsites.se\/corporate\/wp-json\/wp\/v2\/types\/page"}],"author":[{"embeddable":true,"href":"https:\/\/stage-visitvarmland-com.visitvarmland-frojdwebsites.se\/corporate\/wp-json\/wp\/v2\/users\/1"}],"replies":[{"embeddable":true,"href":"https:\/\/stage-visitvarmland-com.visitvarmland-frojdwebsites.se\/corporate\/wp-json\/wp\/v2\/comments?post=4"}],"version-history":[{"count":193,"href":"https:\/\/stage-visitvarmland-com.visitvarmland-frojdwebsites.se\/corporate\/wp-json\/wp\/v2\/pages\/4\/revisions"}],"predecessor-version":[{"id":6593,"href":"https:\/\/stage-visitvarmland-com.visitvarmland-frojdwebsites.se\/corporate\/wp-json\/wp\/v2\/pages\/4\/revisions\/6593"}],"wp:featuredmedia":[{"embeddable":true,"href":"https:\/\/stage-visitvarmland-com.visitvarmland-frojdwebsites.se\/corporate\/wp-json\/wp\/v2\/media\/5"}],"wp:attachment":[{"href":"https:\/\/stage-visitvarmland-com.visitvarmland-frojdwebsites.se\/corporate\/wp-json\/wp\/v2\/media?parent=4"}],"curies":[{"name":"wp","href":"https:\/\/api.w.org\/{rel}","templated":true}]}}